{"id":35,"date":"2022-09-25T17:19:13","date_gmt":"2022-09-25T15:19:13","guid":{"rendered":"https:\/\/odborynm.cz\/?page_id=35"},"modified":"2022-12-18T17:20:09","modified_gmt":"2022-12-18T16:20:09","slug":"faq","status":"publish","type":"page","link":"https:\/\/odborynm.cz\/?page_id=35","title":{"rendered":"FAQ"},"content":{"rendered":"\n<div class=\"wp-block-columns is-layout-flex wp-container-core-columns-is-layout-9d6595d7 wp-block-columns-is-layout-flex\">\n<div class=\"wp-block-column is-layout-flow wp-block-column-is-layout-flow\" style=\"flex-basis:100%\">\n<div class=\"wp-block-group\"><div class=\"wp-block-group__inner-container is-layout-constrained wp-block-group-is-layout-constrained\">\n<h4 class=\"wp-block-heading\">Co jsou odbory?<\/h4>\n\n\n\n<p>Odbory jsou sdru\u017een\u00ed zam\u011bstnanc\u016f, zalo\u017een\u00e9 s c\u00edlem prosazovat jejich pracovn\u00ed, hospod\u00e1\u0159sk\u00e9, politick\u00e9, soci\u00e1ln\u00ed a jin\u00e9 z\u00e1jmy. Odbory jednaj\u00ed jm\u00e9nem pracovn\u00edk\u016f, kter\u00e9 zastupuj\u00ed, pokud jednaj\u00ed se zam\u011bstnavatelem nebo st\u00e1tem, nap\u0159\u00edklad ohledn\u011b v\u00fd\u0161e mezd nebo pracovn\u00edch podm\u00ednek. Pr\u00e1vo na utv\u00e1\u0159en\u00ed odbor\u016f je zakotveno v <a href=\"https:\/\/www.psp.cz\/docs\/laws\/listina.html\">Listin\u011b z\u00e1kladn\u00edch pr\u00e1v a svobod<\/a>, kter\u00e1 je sou\u010d\u00e1st\u00ed \u00dastavy \u010cesk\u00e9 republiky. Odborov\u00e9 hnut\u00ed je d\u00edky tomu plnohodnotnou a d\u016fle\u017eitou sou\u010d\u00e1st\u00ed demokratick\u00e9ho syst\u00e9mu.<\/p>\n\n\n\n<h4 class=\"wp-block-heading\">Co je smyslem odbor\u016f?<\/h4>\n\n\n\n<p>Utv\u00e1\u0159en\u00ed sdru\u017een\u00fdch kolektiv\u016f d\u00e1v\u00e1 zam\u011bstnanc\u016fm zna\u010dn\u00e9 v\u00fdhody p\u0159i vyjedn\u00e1v\u00e1n\u00ed a ochran\u011b vlastn\u00edch z\u00e1jm\u016f. Odborov\u00e9 organizace zastupuj\u00ed v\u0161echny zam\u011bstnance a z t\u00e9to pozice vedou kolektivn\u00ed vyjedn\u00e1v\u00e1n\u00ed a hl\u00eddaj\u00ed dodr\u017eov\u00e1n\u00ed jejich pr\u00e1v. <\/p>\n\n\n\n<h4 class=\"wp-block-heading\">Co z \u010dlenstv\u00ed v odborech budu m\u00edt?<\/h4>\n\n\n\n<p>Sdru\u017eov\u00e1n\u00ed se v odborov\u00fdch organizac\u00edch p\u0159in\u00e1\u0161\u00ed jednotlivc\u016fm mo\u017enost vyu\u017e\u00edvat n\u00e1slednou kolektivn\u00ed s\u00edlu. Siln\u011bj\u0161\u00ed odbory mohou dos\u00e1hnout \u0159ady v\u00fdhod a maj\u00ed lep\u0161\u00ed pozici ve vyjedn\u00e1v\u00e1n\u00ed se zam\u011bstnavatelem. Na osobn\u00ed rovin\u011b pak \u010dlenstv\u00ed v odborech p\u0159in\u00e1\u0161\u00ed v\u00fdhody v podob\u011b pr\u00e1vn\u00ed a soci\u00e1ln\u00ed pomoci, ale tak\u00e9 v rozs\u00e1hl\u00e9m <a href=\"http:\/\/odborynm.cz\/?page_id=70\" data-type=\"URL\" data-id=\"http:\/\/odborynm.cz\/?page_id=70\">benefitn\u00edm programu<\/a>. <\/p>\n\n\n\n<h4 class=\"wp-block-heading\">Jak vstoup\u00edm do odbor\u016f?<\/h4>\n\n\n\n<p>Do z\u00e1kladn\u00ed odborov\u00e9 organizace vstoup\u00edte <a href=\"http:\/\/odborynm.cz\/?page_id=72\" data-type=\"URL\" data-id=\"http:\/\/odborynm.cz\/?page_id=72\">vypln\u011bn\u00edm p\u0159ihl\u00e1\u0161ky<\/a> a jej\u00edm odesl\u00e1n\u00edm v\u00fdboru. Sou\u010d\u00e1st\u00ed \u010dlensk\u00fdch povinnost\u00ed je placen\u00ed \u010dlensk\u00fdch poplatk\u016f ve ve v\u00fd\u0161i 1 % z \u010dist\u00e9ho platu.<\/p>\n\n\n\n<h4 class=\"wp-block-heading\">Co se odborov\u00e9mu hnut\u00ed povedlo v historii?<\/h4>\n\n\n\n<p>V\u00fdsledky pr\u00e1ce odbor\u016f v minulosti poci\u0165uje ka\u017ed\u00fd zam\u011bstnanec, by\u0165 mnoh\u00e9 z nich ji\u017e zev\u0161edn\u011bly a staly se ned\u00edlnou sou\u010d\u00e1st\u00ed zam\u011bstn\u00e1n\u00ed \u2013 nap\u0159\u00edklad garantovan\u00e1 dovolen\u00e1, ohrani\u010den\u00e1 pracovn\u00ed doba (osmihodinov\u00fd pracovn\u00ed den&#8230;), garance a r\u016fst minim\u00e1ln\u00ed mzdy, povinnost kolektivn\u00edho vyjedn\u00e1v\u00e1n\u00ed ze strany zam\u011bstnavatele a obecn\u00e1 ochrana pr\u00e1v zam\u011bstnance. <\/p>\n\n\n\n<h4 class=\"wp-block-heading\">Jak\u00e9 jsou posledn\u00ed \u00fasp\u011bchy odbor\u016f v \u010cR?<\/h4>\n\n\n\n<p>Posledn\u00ed \u00fasp\u011bchem odbor\u016f v \u010cesk\u00e9 republice je <a href=\"https:\/\/www.odbory.info\/obsah\/5\/pridano-10-do-tarifu-od-1-zari-dostanou-i-hygienici-dalsi-st\/331745\" data-type=\"URL\" data-id=\"https:\/\/www.odbory.info\/obsah\/5\/pridano-10-do-tarifu-od-1-zari-dostanou-i-hygienici-dalsi-st\/331745\">10% nav\u00fd\u0161en\u00ed plat\u016f<\/a> ve st\u00e1tn\u00ed spr\u00e1v\u011b od 1. 9. 2022. Aktu\u00e1ln\u011b prob\u00edh\u00e1 dal\u0161\u00ed jedn\u00e1n\u00ed o nav\u00fd\u0161en\u00ed pro rok 2023 (prosinec 2022).<\/p>\n\n\n\n<h4 class=\"wp-block-heading\">Jak\u00e9 jsou aktu\u00e1ln\u00ed v\u00fdzvy odborov\u00e9ho hnut\u00ed?<\/h4>\n\n\n\n<p>Aktu\u00e1ln\u011b nejv\u011bt\u0161\u00ed v\u00fdzvou v \u010cesk\u00e9 republice je pro odborov\u00e9 hnut\u00ed budov\u00e1n\u00ed vlastn\u00edho obrazu v o\u010d\u00edch ve\u0159ejnosti jako plnohodnotn\u00e9 slo\u017eky demokratick\u00e9ho syst\u00e9mu. V \u010desk\u00e9 spole\u010dnosti st\u00e1le p\u0159etrv\u00e1v\u00e1 obraz odbor\u016f jako n\u011b\u010deho, co je spojeno s minulost\u00ed p\u0159ed rokem 1989. Sou\u010dasn\u00e9 odborov\u00e9 hnut\u00ed proto mus\u00ed pracovat na tom, aby tento p\u0159\u00edstup zvr\u00e1tilo. Dal\u0161\u00ed v\u00fdzvu p\u0159edstavuje vzd\u011bl\u00e1v\u00e1n\u00ed a zvy\u0161ov\u00e1n\u00ed pov\u011bdom\u00ed o odborech mezi nov\u00fdmi generacemi. Nicm\u00e9n\u011b ned\u00edlnou sou\u010d\u00e1st\u00ed aktu\u00e1ln\u00edch v\u00fdzev je nad\u00e1le ochrana pr\u00e1v zam\u011bstnanc\u016f a udr\u017een\u00ed soci\u00e1ln\u00edho sm\u00edru v na\u0161\u00ed spole\u010dnosti. <\/p>\n\n\n\n<p><\/p>\n\n\n\n<p><\/p>\n<\/div><\/div>\n<\/div>\n<\/div>\n","protected":false},"excerpt":{"rendered":"<p>Co jsou odbory? Odbory jsou sdru\u017een\u00ed zam\u011bstnanc\u016f, zalo\u017een\u00e9 s c\u00edlem prosazovat jejich pracovn\u00ed, hospod\u00e1\u0159sk\u00e9, politick\u00e9, soci\u00e1ln\u00ed a jin\u00e9 z\u00e1jmy. Odbory jednaj\u00ed jm\u00e9nem pracovn\u00edk\u016f, kter\u00e9 zastupuj\u00ed, pokud jednaj\u00ed se zam\u011bstnavatelem nebo st\u00e1tem, nap\u0159\u00edklad ohledn\u011b v\u00fd\u0161e mezd nebo pracovn\u00edch podm\u00ednek. Pr\u00e1vo na utv\u00e1\u0159en\u00ed odbor\u016f je zakotveno v Listin\u011b z\u00e1kladn\u00edch pr\u00e1v a svobod, kter\u00e1 je sou\u010d\u00e1st\u00ed \u00dastavy \u010cesk\u00e9 republiky. Odborov\u00e9 hnut\u00ed je d\u00edky tomu plnohodnotnou a d\u016fle\u017eitou sou\u010d\u00e1st\u00ed demokratick\u00e9ho syst\u00e9mu. Co je smyslem odbor\u016f? Utv\u00e1\u0159en\u00ed sdru\u017een\u00fdch kolektiv\u016f d\u00e1v\u00e1 zam\u011bstnanc\u016fm zna\u010dn\u00e9 v\u00fdhody p\u0159i vyjedn\u00e1v\u00e1n\u00ed a ochran\u011b vlastn\u00edch z\u00e1jm\u016f. Odborov\u00e9 organizace zastupuj\u00ed v\u0161echny zam\u011bstnance a z t\u00e9to pozice vedou kolektivn\u00ed vyjedn\u00e1v\u00e1n\u00ed a hl\u00eddaj\u00ed dodr\u017eov\u00e1n\u00ed jejich pr\u00e1v. Co z \u010dlenstv\u00ed v odborech budu m\u00edt? Sdru\u017eov\u00e1n\u00ed se v odborov\u00fdch organizac\u00edch p\u0159in\u00e1\u0161\u00ed jednotlivc\u016fm mo\u017enost vyu\u017e\u00edvat n\u00e1slednou kolektivn\u00ed s\u00edlu. Siln\u011bj\u0161\u00ed odbory mohou dos\u00e1hnout \u0159ady v\u00fdhod a maj\u00ed lep\u0161\u00ed pozici ve vyjedn\u00e1v\u00e1n\u00ed se zam\u011bstnavatelem. Na osobn\u00ed rovin\u011b pak \u010dlenstv\u00ed v odborech p\u0159in\u00e1\u0161\u00ed v\u00fdhody v podob\u011b pr\u00e1vn\u00ed a soci\u00e1ln\u00ed pomoci, ale&hellip;<\/p>\n<p> <a class=\"more-link\" href=\"https:\/\/odborynm.cz\/?page_id=35\">\u010c\u00edst v\u00edce<\/a><\/p>\n","protected":false},"author":2,"featured_media":382,"parent":0,"menu_order":0,"comment_status":"closed","ping_status":"closed","template":"","meta":{"footnotes":""},"class_list":["post-35","page","type-page","status-publish","has-post-thumbnail"],"_links":{"self":[{"href":"https:\/\/odborynm.cz\/index.php?rest_route=\/wp\/v2\/pages\/35","targetHints":{"allow":["GET"]}}],"collection":[{"href":"https:\/\/odborynm.cz\/index.php?rest_route=\/wp\/v2\/pages"}],"about":[{"href":"https:\/\/odborynm.cz\/index.php?rest_route=\/wp\/v2\/types\/page"}],"author":[{"embeddable":true,"href":"https:\/\/odborynm.cz\/index.php?rest_route=\/wp\/v2\/users\/2"}],"replies":[{"embeddable":true,"href":"https:\/\/odborynm.cz\/index.php?rest_route=%2Fwp%2Fv2%2Fcomments&post=35"}],"version-history":[{"count":15,"href":"https:\/\/odborynm.cz\/index.php?rest_route=\/wp\/v2\/pages\/35\/revisions"}],"predecessor-version":[{"id":384,"href":"https:\/\/odborynm.cz\/index.php?rest_route=\/wp\/v2\/pages\/35\/revisions\/384"}],"wp:featuredmedia":[{"embeddable":true,"href":"https:\/\/odborynm.cz\/index.php?rest_route=\/wp\/v2\/media\/382"}],"wp:attachment":[{"href":"https:\/\/odborynm.cz\/index.php?rest_route=%2Fwp%2Fv2%2Fmedia&parent=35"}],"curies":[{"name":"wp","href":"https:\/\/api.w.org\/{rel}","templated":true}]}}

<div class="wp-block-columns is-layout-flex wp-container-core-columns-is-layout-9d6595d7 wp-block-columns-is-layout-flex">
<div class="wp-block-column is-layout-flow wp-block-column-is-layout-flow" style="flex-basis:100%">
<div class="wp-block-group"><div class="wp-block-group__inner-container is-layout-constrained wp-block-group-is-layout-constrained">
<h4 class="wp-block-heading">Co jsou odbory?</h4>



<p>Odbory jsou sdružení zaměstnanců, založené s cílem prosazovat jejich pracovní, hospodářské, politické, sociální a jiné zájmy. Odbory jednají jménem pracovníků, které zastupují, pokud jednají se zaměstnavatelem nebo státem, například ohledně výše mezd nebo pracovních podmínek. Právo na utváření odborů je zakotveno v <a href="https://www.psp.cz/docs/laws/listina.html">Listině základních práv a svobod</a>, která je součástí Ústavy České republiky. Odborové hnutí je díky tomu plnohodnotnou a důležitou součástí demokratického systému.</p>



<h4 class="wp-block-heading">Co je smyslem odborů?</h4>



<p>Utváření sdružených kolektivů dává zaměstnancům značné výhody při vyjednávání a ochraně vlastních zájmů. Odborové organizace zastupují všechny zaměstnance a z této pozice vedou kolektivní vyjednávání a hlídají dodržování jejich práv. </p>



<h4 class="wp-block-heading">Co z členství v odborech budu mít?</h4>



<p>Sdružování se v odborových organizacích přináší jednotlivcům možnost využívat následnou kolektivní sílu. Silnější odbory mohou dosáhnout řady výhod a mají lepší pozici ve vyjednávání se zaměstnavatelem. Na osobní rovině pak členství v odborech přináší výhody v podobě právní a sociální pomoci, ale také v rozsáhlém <a href="http://odborynm.cz/?page_id=70" data-type="URL" data-id="http://odborynm.cz/?page_id=70">benefitním programu</a>. </p>



<h4 class="wp-block-heading">Jak vstoupím do odborů?</h4>



<p>Do základní odborové organizace vstoupíte <a href="http://odborynm.cz/?page_id=72" data-type="URL" data-id="http://odborynm.cz/?page_id=72">vyplněním přihlášky</a> a jejím odesláním výboru. Součástí členských povinností je placení členských poplatků ve ve výši 1 % z čistého platu.</p>



<h4 class="wp-block-heading">Co se odborovému hnutí povedlo v historii?</h4>



<p>Výsledky práce odborů v minulosti pociťuje každý zaměstnanec, byť mnohé z nich již zevšedněly a staly se nedílnou součástí zaměstnání – například garantovaná dovolená, ohraničená pracovní doba (osmihodinový pracovní den&#8230;), garance a růst minimální mzdy, povinnost kolektivního vyjednávání ze strany zaměstnavatele a obecná ochrana práv zaměstnance. </p>



<h4 class="wp-block-heading">Jaké jsou poslední úspěchy odborů v ČR?</h4>



<p>Poslední úspěchem odborů v České republice je <a href="https://www.odbory.info/obsah/5/pridano-10-do-tarifu-od-1-zari-dostanou-i-hygienici-dalsi-st/331745" data-type="URL" data-id="https://www.odbory.info/obsah/5/pridano-10-do-tarifu-od-1-zari-dostanou-i-hygienici-dalsi-st/331745">10% navýšení platů</a> ve státní správě od 1. 9. 2022. Aktuálně probíhá další jednání o navýšení pro rok 2023 (prosinec 2022).</p>



<h4 class="wp-block-heading">Jaké jsou aktuální výzvy odborového hnutí?</h4>



<p>Aktuálně největší výzvou v České republice je pro odborové hnutí budování vlastního obrazu v očích veřejnosti jako plnohodnotné složky demokratického systému. V české společnosti stále přetrvává obraz odborů jako něčeho, co je spojeno s minulostí před rokem 1989. Současné odborové hnutí proto musí pracovat na tom, aby tento přístup zvrátilo. Další výzvu představuje vzdělávání a zvyšování povědomí o odborech mezi novými generacemi. Nicméně nedílnou součástí aktuálních výzev je nadále ochrana práv zaměstnanců a udržení sociálního smíru v naší společnosti. </p>



<p></p>



<p></p>
</div></div>
</div>
</div>

<p>Co jsou odbory? Odbory jsou sdružení zaměstnanců, založené s cílem prosazovat jejich pracovní, hospodářské, politické, sociální a jiné zájmy. Odbory jednají jménem pracovníků, které zastupují, pokud jednají se zaměstnavatelem nebo státem, například ohledně výše mezd nebo pracovních podmínek. Právo na utváření odborů je zakotveno v Listině základních práv a svobod, která je součástí Ústavy České republiky. Odborové hnutí je díky tomu plnohodnotnou a důležitou součástí demokratického systému. Co je smyslem odborů? Utváření sdružených kolektivů dává zaměstnancům značné výhody při vyjednávání a ochraně vlastních zájmů. Odborové organizace zastupují všechny zaměstnance a z této pozice vedou kolektivní vyjednávání a hlídají dodržování jejich práv. Co z členství v odborech budu mít? Sdružování se v odborových organizacích přináší jednotlivcům možnost využívat následnou kolektivní sílu. Silnější odbory mohou dosáhnout řady výhod a mají lepší pozici ve vyjednávání se zaměstnavatelem. Na osobní rovině pak členství v odborech přináší výhody v podobě právní a sociální pomoci, ale&hellip;</p>
<p> <a class="more-link" href="https://odborynm.cz/?page_id=35">Číst více</a></p>
