{"id":29,"date":"2022-09-25T17:18:33","date_gmt":"2022-09-25T15:18:33","guid":{"rendered":"https:\/\/odborynm.cz\/?page_id=29"},"modified":"2022-12-18T17:26:05","modified_gmt":"2022-12-18T16:26:05","slug":"ankety","status":"publish","type":"page","link":"https:\/\/odborynm.cz\/?page_id=29","title":{"rendered":"Ankety"},"content":{"rendered":"\n<p>Zde pro v\u00e1s zve\u0159ej\u0148ujeme anketn\u00ed \u0161et\u0159en\u00ed prov\u00e1d\u011bn\u00e9 na\u0161\u00ed odborovou organizac\u00ed.<\/p>\n","protected":false},"excerpt":{"rendered":"<p>Zde pro v\u00e1s zve\u0159ej\u0148ujeme anketn\u00ed \u0161et\u0159en\u00ed prov\u00e1d\u011bn\u00e9 na\u0161\u00ed odborovou organizac\u00ed.<\/p>\n","protected":false},"author":2,"featured_media":385,"parent":0,"menu_order":0,"comment_status":"closed","ping_status":"closed","template":"","meta":{"footnotes":""},"class_list":["post-29","page","type-page","status-publish","has-post-thumbnail"],"_links":{"self":[{"href":"https:\/\/odborynm.cz\/index.php?rest_route=\/wp\/v2\/pages\/29","targetHints":{"allow":["GET"]}}],"collection":[{"href":"https:\/\/odborynm.cz\/index.php?rest_route=\/wp\/v2\/pages"}],"about":[{"href":"https:\/\/odborynm.cz\/index.php?rest_route=\/wp\/v2\/types\/page"}],"author":[{"embeddable":true,"href":"https:\/\/odborynm.cz\/index.php?rest_route=\/wp\/v2\/users\/2"}],"replies":[{"embeddable":true,"href":"https:\/\/odborynm.cz\/index.php?rest_route=%2Fwp%2Fv2%2Fcomments&post=29"}],"version-history":[{"count":3,"href":"https:\/\/odborynm.cz\/index.php?rest_route=\/wp\/v2\/pages\/29\/revisions"}],"predecessor-version":[{"id":386,"href":"https:\/\/odborynm.cz\/index.php?rest_route=\/wp\/v2\/pages\/29\/revisions\/386"}],"wp:featuredmedia":[{"embeddable":true,"href":"https:\/\/odborynm.cz\/index.php?rest_route=\/wp\/v2\/media\/385"}],"wp:attachment":[{"href":"https:\/\/odborynm.cz\/index.php?rest_route=%2Fwp%2Fv2%2Fmedia&parent=29"}],"curies":[{"name":"wp","href":"https:\/\/api.w.org\/{rel}","templated":true}]}}