{"id":100,"date":"2022-09-25T18:23:09","date_gmt":"2022-09-25T16:23:09","guid":{"rendered":"https:\/\/odborynm.cz\/?page_id=100"},"modified":"2022-12-18T17:27:44","modified_gmt":"2022-12-18T16:27:44","slug":"fksp","status":"publish","type":"page","link":"https:\/\/odborynm.cz\/?page_id=100","title":{"rendered":"FKSP"},"content":{"rendered":"\n<h4 class=\"wp-block-heading\">Fond kulturn\u00edch a soci\u00e1ln\u00edch pot\u0159eb<\/h4>\n\n\n\n<p>FKSP mohou vyu\u017e\u00edvat v\u0161ichni zam\u011bstnanci N\u00e1rodn\u00edho muzea&nbsp;a zam\u011bstnanci, kte\u0159\u00ed ode\u0161li do d\u016fchodu. U\u017e\u00edv\u00e1n\u00ed FKSP je o\u0161et\u0159eno v <a href=\"https:\/\/odborynm.cz\/?page_id=91\" data-type=\"URL\" data-id=\"https:\/\/odborynm.cz\/?page_id=91\">kolektivn\u00ed smlouv\u011b<\/a> v odd\u00edle V. Soci\u00e1ln\u00ed podm\u00ednky zam\u011bstnanc\u016f. O vyu\u017e\u00edv\u00e1n\u00ed FKSP spolurozhoduj\u00ed zam\u011bstnavatel (za&nbsp;zam\u011bstnavatele je spr\u00e1vkyn\u00ed FKSP&nbsp;<a rel=\"noreferrer noopener\" href=\"https:\/\/eur.delve.office.com\/?u=49532c52-1682-44ca-a32a-e8d1563c1135&amp;v=work\" target=\"_blank\">Dana Spolkov\u00e1<\/a>) a odborov\u00e1 organizace.<br><br>Z kolektivn\u00ed smlouvy vypl\u00edvaj\u00ed n\u00e1sleduj\u00edc\u00ed benefity: <\/p>\n\n\n\n<h5 class=\"wp-block-heading\">P\u0159\u00edsp\u011bvek na stravov\u00e1n\u00ed<\/h5>\n\n\n\n<ul class=\"wp-block-list\">\n<li>finan\u010dn\u00ed p\u0159\u00edsp\u011bvek na stravov\u00e1n\u00ed ve v\u00fd\u0161i <strong>75- K\u010d<\/strong>, p\u0159i\u010dem\u017e p\u0159\u00edsp\u011bvek je nav\u00e1z\u00e1n na v\u00fd\u0161i stravn\u00e9ho za pracovn\u00ed cesty, kter\u00e9 je pravideln\u011b (na za\u010d\u00e1tku ka\u017ed\u00e9ho roku) valorizov\u00e1no.&nbsp;<\/li>\n\n\n\n<li><a href=\"https:\/\/odborynm.cz\/wp-content\/uploads\/2022\/12\/Dodatek-c.-2-ke-Kolektivni-smlouve-c.-190912.pdf\">Dodatek \u010d. 2 \u2013 P\u0159\u00edsp\u011bvek na stravov\u00e1n\u00ed (\u00fa\u010dinnost od: 1. 1. 2021)<\/a><\/li>\n<\/ul>\n\n\n\n<h5 class=\"wp-block-heading\">P\u016fj\u010dky z FKSP<\/h5>\n\n\n\n<ul class=\"wp-block-list\">\n<li>zam\u011bstnavatel m\u016f\u017ee poskytnout bez\u00faro\u010dnou p\u016fj\u010dku z FKSP na bytov\u00e9 a stavebn\u00ed \u00fa\u010dely dle schv\u00e1len\u00fdch z\u00e1sad FKSP do v\u00fd\u0161e<strong> 50.000,- K\u010d <\/strong><\/li>\n\n\n\n<li>soci\u00e1ln\u00ed p\u016fj\u010dka \u2013 posuzov\u00e1na individu\u00e1ln\u011b<\/li>\n\n\n\n<li>Sv\u00e9 \u017e\u00e1dosti pos\u00edlejte Pet\u0159e Bolehovsk\u00e9 &#8211; <a href=\"mailto:petra.bolehovska@nm.cz\">petra.bolehovska@nm.cz<\/a>. Ty budou n\u00e1sledn\u011b p\u0159ed\u00e1ny na OEN k dal\u0161\u00edmu procesu. <\/li>\n\n\n\n<li><a href=\"http:\/\/odborynm.cz\/wp-content\/uploads\/2022\/12\/zadost_fksp.doc\">\u017d\u00e1dost o poskytnut\u00ed p\u016fj\u010dky z FKSP<\/a><\/li>\n<\/ul>\n\n\n\n<ul class=\"wp-block-list\">\n<li><\/li>\n<\/ul>\n\n\n\n<h5 class=\"wp-block-heading\">Podnikov\u00e1 rekreace<\/h5>\n\n\n\n<ul class=\"wp-block-list\">\n<li>zam\u011bstnavatel bude dle sv\u00fdch mo\u017enost\u00ed zaji\u0161\u0165ovat pro zam\u011bstnance a jejich rodinn\u00e9 p\u0159\u00edslu\u0161n\u00edky a d\u016fchodce podnikovou rekreaci v objektu Hostomice.<\/li>\n\n\n\n<li>podrobnosti na <a href=\"https:\/\/odborynm.cz\/?page_id=106\" data-type=\"URL\" data-id=\"https:\/\/odborynm.cz\/?page_id=106\">samostatn\u00e9 str\u00e1nce<\/a> <\/li>\n<\/ul>\n\n\n\n<h5 class=\"wp-block-heading\">Vstupenky ZOO Praha<\/h5>\n\n\n\n<ul class=\"wp-block-list\">\n<li>N\u00e1rodn\u00ed muzeum disponuje dv\u011bma firemn\u00edmi vstupenkami.<\/li>\n\n\n\n<li>objedn\u00e1v\u00e1n\u00ed a zap\u016fj\u010dov\u00e1n\u00ed vstupenek zaji\u0161\u0165uje Miriam Dund\u00e1lkov\u00e1 \u2013 <a href=\"mailto:miriam.dundalkova@nm.cz\">miriam.dundalkova@nm.cz<\/a><\/li>\n<\/ul>\n\n\n\n<h5 class=\"wp-block-heading\">Zv\u00fdhodn\u011bn\u00e9 vstupenky&nbsp;<\/h5>\n\n\n\n<ul class=\"wp-block-list\">\n<li>vstupenky na vybran\u00e1 divadeln\u00ed a hudebn\u00ed p\u0159edstaven\u00ed<\/li>\n\n\n\n<li>Zaji\u0161\u0165uje  Eva Lachmanov\u00e1 \u2013 <a href=\"mailto:eva.lachmanova@nm.cz\">eva.lachmanova@nm.cz<\/a><\/li>\n<\/ul>\n\n\n\n<h5 class=\"wp-block-heading\">P\u0159\u00edsp\u011bvek na kartu Multisport<\/h5>\n\n\n\n<ul class=\"wp-block-list\">\n<li>zam\u011bstnavatel z fondu FKSP p\u0159isp\u00edv\u00e1 na zam\u011bstnaneckou kartu Multispor <strong>150,- K\u010d\/m\u011bs\u00edc<\/strong><\/li>\n\n\n\n<li>cena za kartu, kterou od 1. 7. 2022 zam\u011bstnanec plat\u00ed je 750,- K\u010d<\/li>\n\n\n\n<li>p\u0159\u00edsp\u011bvek se net\u00fdk\u00e1 karet pro doprovodnou sobu nebo d\u00edt\u011b<\/li>\n\n\n\n<li><a href=\"http:\/\/odborynm.cz\/wp-content\/uploads\/2022\/12\/Dodatek-c.-3-ke-Koletivni-smlouve-c.-190912-Prispevek-na-kartu-MultiSport.pdf\" data-type=\"URL\" data-id=\"http:\/\/odborynm.cz\/wp-content\/uploads\/2022\/12\/Dodatek-c.-3-ke-Koletivni-smlouve-c.-190912-Prispevek-na-kartu-MultiSport.pdf\">Dodatek \u010d. 3 &#8211; P\u0159\u00edsp\u011bvek na MultiSport kartu (\u00fa\u010dinnost od 1. 7. 2022)<\/a><\/li>\n<\/ul>\n","protected":false},"excerpt":{"rendered":"<p>Fond kulturn\u00edch a soci\u00e1ln\u00edch pot\u0159eb FKSP mohou vyu\u017e\u00edvat v\u0161ichni zam\u011bstnanci N\u00e1rodn\u00edho muzea&nbsp;a zam\u011bstnanci, kte\u0159\u00ed ode\u0161li do d\u016fchodu. U\u017e\u00edv\u00e1n\u00ed FKSP je o\u0161et\u0159eno v kolektivn\u00ed smlouv\u011b v odd\u00edle V. Soci\u00e1ln\u00ed podm\u00ednky zam\u011bstnanc\u016f. O vyu\u017e\u00edv\u00e1n\u00ed FKSP spolurozhoduj\u00ed zam\u011bstnavatel (za&nbsp;zam\u011bstnavatele je spr\u00e1vkyn\u00ed FKSP&nbsp;Dana Spolkov\u00e1) a odborov\u00e1 organizace. Z kolektivn\u00ed smlouvy vypl\u00edvaj\u00ed n\u00e1sleduj\u00edc\u00ed benefity: P\u0159\u00edsp\u011bvek na stravov\u00e1n\u00ed P\u016fj\u010dky z FKSP Podnikov\u00e1 rekreace Vstupenky ZOO Praha Zv\u00fdhodn\u011bn\u00e9 vstupenky&nbsp; P\u0159\u00edsp\u011bvek na kartu Multisport<\/p>\n","protected":false},"author":2,"featured_media":388,"parent":26,"menu_order":2,"comment_status":"closed","ping_status":"closed","template":"","meta":{"footnotes":""},"class_list":["post-100","page","type-page","status-publish","has-post-thumbnail"],"_links":{"self":[{"href":"https:\/\/odborynm.cz\/index.php?rest_route=\/wp\/v2\/pages\/100","targetHints":{"allow":["GET"]}}],"collection":[{"href":"https:\/\/odborynm.cz\/index.php?rest_route=\/wp\/v2\/pages"}],"about":[{"href":"https:\/\/odborynm.cz\/index.php?rest_route=\/wp\/v2\/types\/page"}],"author":[{"embeddable":true,"href":"https:\/\/odborynm.cz\/index.php?rest_route=\/wp\/v2\/users\/2"}],"replies":[{"embeddable":true,"href":"https:\/\/odborynm.cz\/index.php?rest_route=%2Fwp%2Fv2%2Fcomments&post=100"}],"version-history":[{"count":20,"href":"https:\/\/odborynm.cz\/index.php?rest_route=\/wp\/v2\/pages\/100\/revisions"}],"predecessor-version":[{"id":390,"href":"https:\/\/odborynm.cz\/index.php?rest_route=\/wp\/v2\/pages\/100\/revisions\/390"}],"up":[{"embeddable":true,"href":"https:\/\/odborynm.cz\/index.php?rest_route=\/wp\/v2\/pages\/26"}],"wp:featuredmedia":[{"embeddable":true,"href":"https:\/\/odborynm.cz\/index.php?rest_route=\/wp\/v2\/media\/388"}],"wp:attachment":[{"href":"https:\/\/odborynm.cz\/index.php?rest_route=%2Fwp%2Fv2%2Fmedia&parent=100"}],"curies":[{"name":"wp","href":"https:\/\/api.w.org\/{rel}","templated":true}]}}